te the highest common divisor of 80 and 460.
20
What is the greatest common factor of 1776 and 192?
48
Calculate the highest common divisor of 189 and 108.
27
What is the highest common divisor of 962 and 37?
37
Calculate the greatest common divisor of 440 and 275.
55
What is the greatest common factor of 10 and 270?
10
Calculate the highest common divisor of 10 and 130.
10
Calculate the greatest common divisor of 5616 and 65.
13
Calculate the greatest common factor of 4 and 39.
1
Calculate the highest common divisor of 12581 and 46.
23
Calculate the highest common factor of 11 and 715.
11
What is the highest common divisor of 111 and 57?
3
Calculate the highest common factor of 156 and 20.
4
What is the greatest common divisor of 54 and 6?
6
Calculate the greatest common factor of 42 and 348.
6
Calculate the greatest common divisor of 437 and 23.
23
What is the greatest common divisor of 54 and 702?
54
Calculate the greatest common divisor of 851 and 46.
23
What is the greatest common divisor of 870 and 30?
30
Calculate the greatest common factor of 20 and 3832.
4
What is the highest common divisor of 861 and 82?
41
What is the greatest common factor of 11508 and 137?
137
What is the greatest common divisor of 603 and 67?
67
Calculate the highest common divisor of 53 and 8427.
53
Calculate the highest common divisor of 1330 and 12236.
266
What is the greatest common divisor of 441 and 49?
49
Calculate the highest common divisor of 1017 and 3164.
113
Calculate the greatest common factor of 95 and 152.
19
What is the highest common divisor of 11364 and 12?
12
What is the greatest common divisor of 361 and 475?
19
Calculate the greatest common divisor of 56 and 308.
28
Calculate the greatest common divisor of 6 and 2010.
6
Calculate the greatest common divisor of 979 and 77.
11
Calculate the highest common factor of 58800 and 35.
35
What is the highest common factor of 360 and 8136?
72
Calculate the highest common factor of 46 and 207.
23
What is the highest common factor of 34 and 136?
34
Calculate the highest common divisor of 352 and 80.
16
What is the greatest common divisor of 7504 and 224?
112
What is the greatest common factor of 273 and 117?
39
Calculate the highest common divisor of 429 and 33.
33
Calculate the highest common divisor of 123 and 8364.
123
What is the highest common factor of 63 and 4396?
7
Calculate the highest common divisor of 30 and 1505.
5
Calculate the highest common factor of 7104 and 576.
192
Calculate the highest common divisor of 3 and 15582.
3
Calculate the highest common divisor of 19055 and 185.
185
What is the highest common factor of 2278 and 1258?
34
Calculate the greatest common divisor of 134 and 536.
134
What is the greatest common divisor of 3072 and 144?
48
Calculate the greatest common factor of 79167 and 33.
33
What is the highest common divisor of 108 and 8?
4
What is the highest common factor of 160 and 170?
10
Calculate the highest common factor of 87 and 11397.
87
Calculate the greatest common factor of 2352 and 96.
48
Calculate the highest common factor of 17228 and 2.
2
What is the greatest common factor of 1377 and 102?
51
Calculate the greatest common factor of 360 and 3096.
72
What is the greatest common divisor of 2623 and 43?
43
Calculate the highest common factor of 1273 and 19.
19
What is the greatest common divisor of 141 and 47?
47
What is the highest common divisor of 501 and 9?
3
What is the highest common factor of 147 and 2891?
49
What is the greatest common divisor of 42 and 126?
42
Calculate the highest common factor of 40 and 10.
10
What is the highest common factor of 345 and 155?
5
What is the greatest common divisor of 961 and 403?
31
What is the greatest common factor of 340 and 6?
2
What is the greatest common factor of 86 and 301?
43
What is the greatest common factor of 80 and 14480?
80
Calculate the highest common divisor of 3854 and 82.
82
What is the highest common divisor of 380 and 912?
76
What is the greatest common factor of 168 and 96?
24
What is the greatest common factor of 7 and 10?
1
Calculate the greatest common divisor of 2432 and 532.
76
What is the highest common divisor of 30 and 200?
10
Calculate the highest common divisor of 278 and 34.
2
What is the highest common divisor of 8 and 1944?
8
What is the greatest common divisor of 99 and 9?
9
What is the highest common factor of 48 and 1560?
24
Calculate the highest common divisor of 93 and 15.
3
What is the highest common factor of 64026 and 18?
18
Calculate the highest common factor of 4 and 508.
4
Calculate the greatest common divisor of 126 and 98.
14
What is the greatest common factor of 44 and 400?
4
Calculate the greatest common factor of 663 and 65.
13
What is the greatest common divisor of 10852 and 2?
2
Calculate the highest common divisor of 771 and 4883.
257
What is the highest common factor of 119 and 105?
7
What is the highest common factor of 24759 and 1572?
393
What is the greatest common divisor of 455 and 26?
13
What is the greatest common divisor of 460 and 100?
20
What is the greatest common factor of 75 and 30?
15
What is the highest common factor of 28 and 1892?
4
What is the highest common factor of 891 and 11?
11
What is the greatest common factor of 162 and 5211?
27
What is the highest common divisor of 247 and 39?
13
What is the highest common divisor of 21 and 2002?
7
Calculate the highest common factor of 67 and 49781.
67
What is the highest common divisor of 68 and 102?
34
Calculate the highest common factor of 20 and 248.
4
What is the greatest common divisor of 2146 and 116?
58
What is the greatest common factor of 8 and 540?
4
What is the greatest common divisor of 11457 and 38?
19
Calculate the greatest common divisor of 1147 and 259.
37
Calculate the greatest common divisor of 3735 and 90.
45
What is the highest common divisor of 3910 and 5?
5
Calculate the greatest common divisor of 48 and 168.
24
Calculate the highest common divisor of 209 and 19.
19
What is the highest common factor of 872 and 8?
8
Calculate the greatest common divisor of 75 and 135.
15
What is the highest common divisor of 13704 and 24?
24
What is the highest common factor of 230 and 590?
10
Calculate the highest common divisor of 2318 and 608.
38
What is the greatest common factor of 486 and 216?
54
What is the highest common divisor of 575 and 25?
25
What is the highest common divisor of 28 and 112?
28
What is the highest common factor of 60 and 500?
20
Calculate the greatest common divisor of 160 and 3680.
160
What is the greatest common factor of 99 and 63?
9
What is the greatest common divisor of 32 and 8192?
32
What is the greatest common divisor of 152 and 247?
19
Calculate the highest common factor of 1017 and 4181.
113
What is the highest common divisor of 168 and 728?
56
Calculate the greatest common factor of 68 and 1921.
17
Calculate the highest common factor of 9 and 537.
3
Calculate the greatest common factor of 24 and 5352.
24
Calculate the highest common factor of 672 and 42.
42
What is the greatest common factor of 64 and 608?
32
Calculate the highest common factor of 550 and 154.
22
What is the highest common divisor of 1548 and 144?
36
Calculate the greatest common divisor of 325 and 130.
65
What is the highest common divisor of 217 and 49?
7
Calculate the greatest common divisor of 110 and 3685.
55
What is the highest common factor of 5 and 625?
5
Calculate the highest common divisor of 22 and 5753.
11
Calculate the greatest common divisor of 851 and 370.
37
What is the greatest common factor of 518 and 74?
74
What is the highest common factor of 435 and 2784?
87
Calculate the greatest common factor of 1253 and 5549.
179
Calculate the highest common factor of 1280 and 20736.
256
Calculate the greatest common divisor of 451 and 11.
11
What is the highest common divisor of 41 and 6642?
41
Calculate the highest common factor of 448 and 240.
16
What is the greatest common factor of 609 and 1653?
87
What is the greatest common factor of 1020 and 68?
68
Calculate the greatest common divisor of 88 and 12386.
22
Calculate the greatest common factor of 5355 and 1575.
315
Calculate the highest common divisor of 2430 and 100.
10
What is the greatest common factor of 220 and 10?
10
Calcul